{"id":3,"date":"2020-08-27T11:44:26","date_gmt":"2020-08-27T11:44:26","guid":{"rendered":"https:\/\/drivrutin.com\/?page_id=3"},"modified":"2023-11-01T14:14:07","modified_gmt":"2023-11-01T14:14:07","slug":"privacy-policy","status":"publish","type":"page","link":"https:\/\/drivrutin.com\/?page_id=3","title":{"rendered":"Integritetspolicy"},"content":{"rendered":"<p><strong>Sekretesspolicy f\u00f6r Drivrutin.com<\/strong><\/p>\n<p>P\u00e5 Drivrutin.com, tillg\u00e4nglig fr\u00e5n https:\/\/Drivrutin.com, \u00e4r en av v\u00e5ra huvudprioriteringar v\u00e5ra bes\u00f6kares integritet. Detta sekretesspolicydokument inneh\u00e5ller typer av information som samlas in och registreras av Drivrutin.com och hur vi anv\u00e4nder den.<\/p>\n<p>Om du har ytterligare fr\u00e5gor eller beh\u00f6ver mer information om v\u00e5r integritetspolicy, tveka inte att kontakta oss via e-post p\u00e5 <a href=\"https:\/\/drivrutin.com\/?page_id=26796\">kontaktformul\u00e4ret<\/a>.<\/p>\n<p><strong>Loggfiler<\/strong><\/p>\n<p>Drivrutin.com f\u00f6ljer en standardprocedur f\u00f6r att anv\u00e4nda loggfiler. Dessa filer loggar bes\u00f6kare n\u00e4r de bes\u00f6ker webbplatser. Alla v\u00e4rdf\u00f6retag g\u00f6r detta och en del av v\u00e4rdtj\u00e4nsternas analys. Informationen som samlas in av loggfiler inkluderar IP-adresser (Internet Protocol), webbl\u00e4sartyp, Internetleverant\u00f6r (ISP), datum- och tidsst\u00e4mpel, referens-\/utg\u00e5ngssidor och m\u00f6jligen antalet klick. Dessa \u00e4r inte kopplade till n\u00e5gon information som \u00e4r personligt identifierbar. Syftet med informationen \u00e4r att analysera trender, administrera webbplatsen, sp\u00e5ra anv\u00e4ndarnas r\u00f6relser p\u00e5 webbplatsen och samla in demografisk information.<\/p>\n<p><strong>Cookies och webbsignaler<\/strong><\/p>\n<p>Som alla andra webbplatser anv\u00e4nder Drivrutin.com &#8217;cookies&#8217;. Dessa cookies anv\u00e4nds f\u00f6r att lagra information inklusive bes\u00f6karnas preferenser och de sidor p\u00e5 webbplatsen som bes\u00f6karen bes\u00f6kte eller bes\u00f6kte. Informationen anv\u00e4nds f\u00f6r att optimera anv\u00e4ndarnas upplevelse genom att anpassa inneh\u00e5llet p\u00e5 v\u00e5r webbsida baserat p\u00e5 bes\u00f6karnas webbl\u00e4sartyp och\/eller annan information.<\/p>\n<p><strong>Google DoubleClick DART Cookie<\/strong><\/p>\n<p>Google \u00e4r en av en tredjepartsleverant\u00f6r p\u00e5 v\u00e5r webbplats. Den anv\u00e4nder ocks\u00e5 cookies, s\u00e5 kallade DART-cookies, f\u00f6r att visa annonser till v\u00e5ra webbplatsbes\u00f6kare baserat p\u00e5 deras bes\u00f6k p\u00e5 www.website.com och andra webbplatser p\u00e5 internet. Bes\u00f6kare kan dock v\u00e4lja att avb\u00f6ja anv\u00e4ndningen av DART-cookies genom att bes\u00f6ka Googles sekretesspolicy f\u00f6r annons- och inneh\u00e5llsn\u00e4tverk p\u00e5 f\u00f6ljande webbadress \u2013 https:\/\/policies.google.com\/technologies\/ads<\/p>\n<p><strong>Sekretesspolicyer<\/strong><\/p>\n<p>Du kan konsultera den h\u00e4r listan f\u00f6r att hitta sekretesspolicyn f\u00f6r var och en av Drivrutins.coms annonspartners.<\/p>\n<p>Tredjeparts annonsservrar eller annonsn\u00e4tverk anv\u00e4nder teknologier som cookies, JavaScript eller Web Beacons som anv\u00e4nds i deras respektive annonser och l\u00e4nkar som visas p\u00e5 Drivrutin.com, som skickas direkt till anv\u00e4ndarnas webbl\u00e4sare. De f\u00e5r automatiskt din IP-adress n\u00e4r detta intr\u00e4ffar. Dessa tekniker anv\u00e4nds f\u00f6r att m\u00e4ta effektiviteten av deras reklamkampanjer och\/eller f\u00f6r att anpassa annonsinneh\u00e5llet som du ser p\u00e5 webbplatser som du bes\u00f6ker.<\/p>\n<p>Observera att Drivrutin.com inte har tillg\u00e5ng till eller kontroll \u00f6ver dessa cookies som anv\u00e4nds av tredjepartsannons\u00f6rer.<\/p>\n<p><strong>Sekretesspolicyer f\u00f6r tredje part<\/strong><\/p>\n<p>Drivrutin.coms integritetspolicy g\u00e4ller inte andra annons\u00f6rer eller webbplatser. D\u00e4rf\u00f6r r\u00e5der vi dig att konsultera respektive sekretesspolicy f\u00f6r dessa tredjepartsannonsservrar f\u00f6r mer detaljerad information. Det kan inneh\u00e5lla deras praxis och instruktioner om hur man v\u00e4ljer bort vissa alternativ. Du kan hitta en komplett lista \u00f6ver dessa sekretesspolicyer och deras l\u00e4nkar h\u00e4r: Sekretesspolicyl\u00e4nkar.<\/p>\n<p>Du kan v\u00e4lja att inaktivera cookies genom dina individuella webbl\u00e4saralternativ. F\u00f6r att f\u00e5 mer detaljerad information om cookiehantering med specifika webbl\u00e4sare, kan den hittas p\u00e5 webbl\u00e4sarens respektive webbplatser. Vad \u00e4r cookies?<\/p>\n<p><strong>Barninformation<\/strong><\/p>\n<p>En annan del av v\u00e5r prioritet \u00e4r att l\u00e4gga till skydd f\u00f6r barn n\u00e4r de anv\u00e4nder internet. Vi uppmuntrar f\u00f6r\u00e4ldrar och v\u00e5rdnadshavare att observera, delta i och\/eller \u00f6vervaka och v\u00e4gleda deras onlineaktivitet.<\/p>\n<p>Drivrutin.com samlar inte medvetet in n\u00e5gon personlig identifierbar information fr\u00e5n barn under 13 \u00e5r. Om du tror att ditt barn har l\u00e4mnat denna typ av information p\u00e5 v\u00e5r webbplats, rekommenderar vi starkt att du kontaktar oss omedelbart och vi kommer att g\u00f6ra v\u00e5rt b\u00e4sta f\u00f6r att omedelbart ta bort s\u00e5dan information fr\u00e5n v\u00e5ra register.<\/p>\n<p><strong>Endast online sekretesspolicy<\/strong><\/p>\n<p>Denna integritetspolicy g\u00e4ller endast v\u00e5ra onlineaktiviteter och \u00e4r giltig f\u00f6r bes\u00f6kare p\u00e5 v\u00e5r webbplats med avseende p\u00e5 informationen som de delat och\/eller samlar in p\u00e5 Drivrutin.com. Denna policy \u00e4r inte till\u00e4mplig p\u00e5 information som samlas in offline eller via andra kanaler \u00e4n denna webbplats.<\/p>\n<p><strong>Samtycke<\/strong><\/p>\n<p>Genom att anv\u00e4nda v\u00e5r webbplats samtycker du h\u00e4rmed till v\u00e5r integritetspolicy och samtycker till dess allm\u00e4nna villkor.<\/p>\n<div class=\"social-share-buttons\"><a href=\"https:\/\/www.facebook.com\/sharer\/sharer.php?u=https:\/\/drivrutin.com\/?page_id=3\" target=\"_blank\" rel=\"noopener\">Facebook<\/a><a href=\"https:\/\/twitter.com\/intent\/tweet?url=https:\/\/drivrutin.com\/?page_id=3&text=Integritetspolicy\" target=\"_blank\" rel=\"noopener\">Twitter<\/a><a href=\"https:\/\/www.linkedin.com\/shareArticle?url=https:\/\/drivrutin.com\/?page_id=3&title=Integritetspolicy\" target=\"_blank\" rel=\"noopener\">LinkedIn<\/a><a href=\"https:\/\/pinterest.com\/pin\/create\/button\/?url=https:\/\/drivrutin.com\/?page_id=3&description=Integritetspolicy\" target=\"_blank\" rel=\"noopener\">Pinterest<\/a><\/div>","protected":false},"excerpt":{"rendered":"<p>Sekretesspolicy f\u00f6r Drivrutin.com P\u00e5 Drivrutin.com, tillg\u00e4nglig fr\u00e5n https:\/\/Drivrutin.com, \u00e4r en av v\u00e5ra huvudprioriteringar v\u00e5ra bes\u00f6kares integritet. Detta sekretesspolicydokument inneh\u00e5ller typer av information som samlas in och registreras av Drivrutin.com och hur vi anv\u00e4nder den. Om du har ytterligare fr\u00e5gor eller&hellip;<\/p>\n<p class=\"more-link-p\"><a class=\"more-link\" href=\"https:\/\/drivrutin.com\/?page_id=3\">Read more &rarr;<\/a><\/p>\n","protected":false},"author":1,"featured_media":0,"parent":0,"menu_order":0,"comment_status":"closed","ping_status":"open","template":"","meta":{"_lmt_disableupdate":"no","_lmt_disable":"","footnotes":""},"class_list":["post-3","page","type-page","status-publish","hentry"],"_links":{"self":[{"href":"https:\/\/drivrutin.com\/index.php?rest_route=\/wp\/v2\/pages\/3","targetHints":{"allow":["GET"]}}],"collection":[{"href":"https:\/\/drivrutin.com\/index.php?rest_route=\/wp\/v2\/pages"}],"about":[{"href":"https:\/\/drivrutin.com\/index.php?rest_route=\/wp\/v2\/types\/page"}],"author":[{"embeddable":true,"href":"https:\/\/drivrutin.com\/index.php?rest_route=\/wp\/v2\/users\/1"}],"replies":[{"embeddable":true,"href":"https:\/\/drivrutin.com\/index.php?rest_route=%2Fwp%2Fv2%2Fcomments&post=3"}],"version-history":[{"count":2,"href":"https:\/\/drivrutin.com\/index.php?rest_route=\/wp\/v2\/pages\/3\/revisions"}],"predecessor-version":[{"id":57925,"href":"https:\/\/drivrutin.com\/index.php?rest_route=\/wp\/v2\/pages\/3\/revisions\/57925"}],"wp:attachment":[{"href":"https:\/\/drivrutin.com\/index.php?rest_route=%2Fwp%2Fv2%2Fmedia&parent=3"}],"curies":[{"name":"wp","href":"https:\/\/api.w.org\/{rel}","templated":true}]}}