{"id":26796,"date":"2020-08-28T16:46:46","date_gmt":"2020-08-28T16:46:46","guid":{"rendered":"https:\/\/drivrutin.com\/?page_id=26796"},"modified":"2025-08-17T04:58:35","modified_gmt":"2025-08-17T04:58:35","slug":"kontakta-oss","status":"publish","type":"page","link":"https:\/\/drivrutin.com\/?page_id=26796","title":{"rendered":"Kontakta oss"},"content":{"rendered":"<p>Kontakta oss (skicka ett meddelande till oss)<\/p>\n<p>V\u00e4lkommen till v\u00e5r webbplats!<\/p>\n<p>Om du vill kontakta oss direkt, anv\u00e4nd detta feedbackformul\u00e4r.<\/p>\n<p>Webbplatsen Drivrutin.com skapades f\u00f6r att ge r\u00e5d och hj\u00e4lp med att l\u00f6sa olika problem relaterade till anv\u00e4ndning av datorutrustning, installation av drivrutiner och annan programvara. Webbplatsen inneh\u00e5ller ocks\u00e5 instruktioner f\u00f6r anv\u00e4ndning av skrivare, skannrar, bildsk\u00e4rmar och annan datorutrustning.<\/p>\n<p>Om du inte har programvaran och inte kan hitta den p\u00e5 webbplatsen f\u00f6r tillverkaren av datorutrustningen kan vi hj\u00e4lpa dig. V\u00e4nligen uppge modellnummer f\u00f6r din skrivare, skanner, bildsk\u00e4rm eller annan datorutrustning, samt versionen av ditt operativsystem (t.ex. Windows 11, Windows 10, Windows 8, etc.).<\/p>\n<div class=\"social-share-buttons\"><a href=\"https:\/\/www.facebook.com\/sharer\/sharer.php?u=https:\/\/drivrutin.com\/?page_id=26796\" target=\"_blank\" rel=\"noopener\">Facebook<\/a><a href=\"https:\/\/twitter.com\/intent\/tweet?url=https:\/\/drivrutin.com\/?page_id=26796&text=Kontakta+oss\" target=\"_blank\" rel=\"noopener\">Twitter<\/a><a href=\"https:\/\/www.linkedin.com\/shareArticle?url=https:\/\/drivrutin.com\/?page_id=26796&title=Kontakta+oss\" target=\"_blank\" rel=\"noopener\">LinkedIn<\/a><a href=\"https:\/\/pinterest.com\/pin\/create\/button\/?url=https:\/\/drivrutin.com\/?page_id=26796&description=Kontakta+oss\" target=\"_blank\" rel=\"noopener\">Pinterest<\/a><\/div>","protected":false},"excerpt":{"rendered":"<p>Kontakta oss (skicka ett meddelande till oss) V\u00e4lkommen till v\u00e5r webbplats! Om du vill kontakta oss direkt, anv\u00e4nd detta feedbackformul\u00e4r. Webbplatsen Drivrutin.com skapades f\u00f6r att ge r\u00e5d och hj\u00e4lp med att l\u00f6sa olika problem relaterade till anv\u00e4ndning av datorutrustning, installation&hellip;<\/p>\n<p class=\"more-link-p\"><a class=\"more-link\" href=\"https:\/\/drivrutin.com\/?page_id=26796\">Read more &rarr;<\/a><\/p>\n","protected":false},"author":1,"featured_media":0,"parent":0,"menu_order":0,"comment_status":"open","ping_status":"open","template":"","meta":{"_lmt_disableupdate":"no","_lmt_disable":"","footnotes":""},"class_list":["post-26796","page","type-page","status-publish","hentry"],"_links":{"self":[{"href":"https:\/\/drivrutin.com\/index.php?rest_route=\/wp\/v2\/pages\/26796","targetHints":{"allow":["GET"]}}],"collection":[{"href":"https:\/\/drivrutin.com\/index.php?rest_route=\/wp\/v2\/pages"}],"about":[{"href":"https:\/\/drivrutin.com\/index.php?rest_route=\/wp\/v2\/types\/page"}],"author":[{"embeddable":true,"href":"https:\/\/drivrutin.com\/index.php?rest_route=\/wp\/v2\/users\/1"}],"replies":[{"embeddable":true,"href":"https:\/\/drivrutin.com\/index.php?rest_route=%2Fwp%2Fv2%2Fcomments&post=26796"}],"version-history":[{"count":6,"href":"https:\/\/drivrutin.com\/index.php?rest_route=\/wp\/v2\/pages\/26796\/revisions"}],"predecessor-version":[{"id":74865,"href":"https:\/\/drivrutin.com\/index.php?rest_route=\/wp\/v2\/pages\/26796\/revisions\/74865"}],"wp:attachment":[{"href":"https:\/\/drivrutin.com\/index.php?rest_route=%2Fwp%2Fv2%2Fmedia&parent=26796"}],"curies":[{"name":"wp","href":"https:\/\/api.w.org\/{rel}","templated":true}]}}